 of 1566911?
19, 82469
What are the prime factors of 1721489?
7, 11, 79, 283
List the prime factors of 382348.
2, 61, 1567
What are the prime factors of 5175724?
2, 1293931
What are the prime factors of 3199041?
3, 109, 1087
What are the prime factors of 1439857?
31, 46447
What are the prime factors of 1119738?
2, 3, 431, 433
What are the prime factors of 244487?
109, 2243
List the prime factors of 675749.
467, 1447
List the prime factors of 11014.
2, 5507
What are the prime factors of 17707750?
2, 5, 193, 367
List the prime factors of 1386969.
3, 23, 20101
List the prime factors of 3083587.
13, 23, 10313
List the prime factors of 159728.
2, 67, 149
What are the prime factors of 3633173?
173, 21001
List the prime factors of 15066.
2, 3, 31
What are the prime factors of 18669782?
2, 61, 199, 769
List the prime factors of 4550831.
31, 146801
What are the prime factors of 23736706?
2, 7, 509, 3331
List the prime factors of 90352.
2, 5647
What are the prime factors of 442099?
7, 137, 461
List the prime factors of 1825526.
2, 912763
What are the prime factors of 1260127?
11, 97, 1181
What are the prime factors of 7036738?
2, 677, 5197
What are the prime factors of 441132?
2, 3, 36761
What are the prime factors of 4706403?
3, 13, 120677
List the prime factors of 678477.
3, 23, 9833
What are the prime factors of 721489?
53, 13613
What are the prime factors of 374561?
11, 17, 2003
List the prime factors of 979754.
2, 19, 23, 59
What are the prime factors of 320818?
2, 160409
List the prime factors of 243421.
243421
List the prime factors of 19429988.
2, 47, 181, 571
List the prime factors of 9763233.
3, 31, 61, 1721
What are the prime factors of 974676?
2, 3, 81223
List the prime factors of 181304.
2, 131, 173
What are the prime factors of 1119993?
3, 7, 19, 401
List the prime factors of 60968.
2, 7621
What are the prime factors of 531214?
2, 265607
List the prime factors of 352272.
2, 3, 41, 179
List the prime factors of 8296632.
2, 3, 139, 829
What are the prime factors of 2615473?
7, 53377
List the prime factors of 226653.
3, 7, 43, 251
List the prime factors of 1120773.
3, 79, 4729
What are the prime factors of 1261008?
2, 3, 7, 139
What are the prime factors of 1703563?
1703563
What are the prime factors of 34402?
2, 103, 167
What are the prime factors of 15420099?
3, 353, 14561
What are the prime factors of 2289247?
2289247
List the prime factors of 147932.
2, 31, 1193
What are the prime factors of 1297291?
157, 8263
What are the prime factors of 67464?
2, 3, 937
What are the prime factors of 1066517?
1066517
What are the prime factors of 174483?
3, 19387
List the prime factors of 423622.
2, 211811
What are the prime factors of 2657426?
2, 271, 4903
List the prime factors of 577955.
5, 7, 337
What are the prime factors of 220303?
17, 12959
What are the prime factors of 396396?
2, 3, 7, 11, 13
List the prime factors of 270722.
2, 223, 607
What are the prime factors of 130378?
2, 19, 47, 73
What are the prime factors of 41188?
2, 7, 1471
What are the prime factors of 242386?
2, 17, 7129
List the prime factors of 1033846.
2, 11, 46993
What are the prime factors of 10311347?
10311347
List the prime factors of 5414306.
2, 47, 239, 241
What are the prime factors of 7873670?
2, 5, 7, 112481
What are the prime factors of 21521297?
7, 3074471
What are the prime factors of 151964?
2, 37991
What are the prime factors of 5784898?
2, 7, 413207
What are the prime factors of 126866?
2, 229, 277
What are the prime factors of 238016?
2, 3719
What are the prime factors of 4858212?
2, 3, 404851
List the prime factors of 9072317.
9072317
What are the prime factors of 483534?
2, 3, 26863
List the prime factors of 11786.
2, 71, 83
List the prime factors of 727626.
2, 3, 121271
What are the prime factors of 917395?
5, 183479
What are the prime factors of 309942?
2, 3, 67, 257
What are the prime factors of 6860708?
2, 1715177
List the prime factors of 2178601.
17, 128153
What are the prime factors of 10576757?
23, 79, 5821
What are the prime factors of 3697184?
2, 31, 3727
What are the prime factors of 163016?
2, 7, 41, 71
List the prime factors of 236285.
5, 7, 43, 157
What are the prime factors of 3167199?
3, 7, 50273
List the prime factors of 1487093.
1487093
List the prime factors of 4525843.
7, 646549
List the prime factors of 416264.
2, 61, 853
List the prime factors of 238737.
3, 79579
What are the prime factors of 6611320?
2, 5, 197, 839
List the prime factors of 1576284.
2, 3, 131357
List the prime factors of 383206.
2, 29, 6607
What are the prime factors of 10523420?
2, 5, 23, 22877
What are the prime factors of 675277?
107, 6311
List the prime factors of 573185.
5, 29, 59, 67
List the prime factors of 24236992.
2, 13, 29131
List the prime factors of 170379.
3, 11, 1721
List the prime factors of 157253.
157253
What are the prime factors of 1789952?
2, 19, 23
What are the prime factors of 98834?
2, 49417
List the prime factors of 63804.
2, 3, 13, 409
List the prime factors of 567954.
2, 3, 139, 227
What are the prime factors of 125340?
2, 3, 5, 2089
List the prime factors of 81871.
19, 31, 139
What are the prime factors of 400568?
2, 7, 23, 311
What are the prime factors of 25446476?
2, 11, 541, 1069
What are the prime factors of 284716?
2, 17, 53, 79
List the prime factors of 2337075.
3, 5, 13, 17, 47
List the prime factors of 38866.
2, 19433
List the prime factors of 324197.
19, 113, 151
What are the prime factors of 5246068?
2, 31, 42307
List the prime factors of 1856067.
3, 139, 4451
List the prime factors of 4385465.
5, 7, 125299
What are the prime factors of 693750?
2, 3, 5, 37
What are the prime factors of 2861103?
3, 7, 41, 3323
List the prime factors of 7428599.
7428599
List the prime factors of 30397.
113, 269
List the prime factors of 22795306.
2, 1399, 8147
List the prime factors of 420450.
2, 3, 5, 2803
What are the prime factors of 2658826?
2, 457, 2909
List the prime factors of 6751208.
2, 843901
List the prime factors of 1433778.
2, 3, 19, 12577
List the prime factors of 1731578.
2, 23, 37643
What are the prime factors of 4711?
7, 673
What are the prime factors of 187554?
2, 3, 31259
List the prime factors of 417549.
3, 11, 12653
What are the prime factors of 2225202?
2, 3, 7, 52981
What are the prime factors of 541250?
2, 5, 433
What are the prime factors of 558604?
2, 359, 389
List the prime factors of 71330.
2, 5, 7, 1019
List the prime factors of 5825411.
281, 20731
What are the prime factors of 4747752?
2, 3, 23, 47, 61
What are the prime factors of 619288?
2, 199, 389
List the prime factors of 173245.
5, 34649
List the prime factors of 759102.
2, 3, 126517
What are the prime factors of 3676633?
19, 193507
What are the prime factors of 17712006?
2, 3, 13, 97, 2341
What are the prime factors of 1263453?
3, 113, 3727
What are the prime factors of 90086?
2, 31, 1453
What are the prime factors of 1896191?
11, 15671
What are the prime factors of 1120003?
179, 6257
List the prime factors of 180570.
2, 3, 5, 13, 463
List the prime factors of 23406286.
2, 71, 191, 863
List the prime factors of 1568729.
1568729
What are the prime factors of 479324?
2, 119831
What are the prime factors of 2488218?
2, 3, 414703
What are the prime factors of 16069525?
5, 23, 27947
List the prime factors of 372501.
3, 41389
List the prime factors of 5641352.
2, 705169
What are the prime factors of 1169240?
2, 5, 29231
List the prime factors of 367697.
11, 33427
What are the prime factors of 2417546?
2, 43, 28111
What are the prime factors of 3383601?
3, 13, 101, 859
List the prime factors of 321467.
321467
List the prime factors of 114363.
3, 97, 131
List the prime factors of 720874.
2, 7, 11, 31, 151
List the prime factors of 75012.
2, 3, 7, 19, 47
What are the prime factors of 527938?
2, 107, 2467
What are the prime factors of 1453964?
2, 363491
List the prime factors of 926638.
2, 463319
List the prime factors of 1183284.
2, 3, 32869
List the prime factors of 190792.
2, 7, 3407
List the prime factors of 9549805.
5, 53, 36037
What are the prime factors of 1074575?
5, 53, 811
What are the prime factors of 484685?
5, 31, 53, 59
What are the prime factors of 946216?
2, 118277
What are the prime factors of 7107746?
2, 211, 16843
List the prime factors of 82691.
7, 1